
Is 4666488221 composite?
False
Is 2897716007 prime?
True
Is 11061434273 a composite number?
False
Is 203163781 a prime number?
False
Is 56384601353 prime?
False
Is 3170568773 composite?
False
Is 10248785693 composite?
False
Is 115570619 prime?
False
Is 12870795827 composite?
False
Is 1994942819 a prime number?
False
Is 558815149 composite?
False
Is 12567251519 composite?
False
Is 212595270197 a composite number?
False
Is 1936022131 a prime number?
True
Is 2177566247 a prime number?
True
Is 4039337191 prime?
False
Is 11539406911 prime?
True
Is 2014583063 composite?
False
Is 108223057 composite?
False
Is 7249579801 a prime number?
True
Is 215895194377 prime?
True
Is 780574103 composite?
False
Is 167598745 prime?
False
Is 13220689589 a prime number?
False
Is 4256121007 a composite number?
True
Is 366829873 a prime number?
True
Is 3233911001 composite?
False
Is 1929474493 prime?
True
Is 869980261 a composite number?
True
Is 15568106377 composite?
True
Is 1556020357 a composite number?
True
Is 7245309469 composite?
False
Is 5213258207 composite?
False
Is 18957162623 composite?
True
Is 52994663 a composite number?
False
Is 2967227449 a prime number?
True
Is 47783371 composite?
True
Is 38349568391 composite?
False
Is 13109848079 a composite number?
False
Is 39824801329 a composite number?
False
Is 321537302729 composite?
True
Is 35468753 a composite number?
False
Is 1388947009 composite?
False
Is 6457483673 prime?
True
Is 1916708054 a prime number?
False
Is 35119455409 a composite number?
False
Is 7191699973 composite?
True
Is 6143283227 prime?
False
Is 10409415241 prime?
True
Is 55717969571 prime?
False
Is 106954745803 composite?
True
Is 9760098862 a prime number?
False
Is 98708613917 a composite number?
False
Is 684343057 prime?
True
Is 2643279413 prime?
True
Is 1938634517 prime?
True
Is 4336596757 a composite number?
False
Is 3531315461 prime?
False
Is 4848939881 a prime number?
True
Is 315556454 a composite number?
True
Is 53431117186 prime?
False
Is 2070838349 a prime number?
True
Is 1071566035 composite?
True
Is 28421771033 a prime number?
False
Is 16562424497 prime?
False
Is 4122735917 prime?
True
Is 37029328027 composite?
True
Is 2242468373 composite?
False
Is 162010798051 a prime number?
True
Is 4281428059 prime?
False
Is 580210933 composite?
False
Is 76559959963 composite?
True
Is 9978083363 a prime number?
False
Is 239907823 a prime number?
False
Is 1468287929 a composite number?
False
Is 402919688141 composite?
True
Is 41994916463 prime?
False
Is 14749694101 a composite number?
True
Is 165869578569 a composite number?
True
Is 19885310723 composite?
False
Is 701274131 a composite number?
False
Is 13285527383 composite?
False
Is 674609179 composite?
False
Is 539089379 composite?
False
Is 2511440569 a composite number?
True
Is 9419301461 prime?
False
Is 34476447367 composite?
False
Is 972515743 a composite number?
False
Is 65944256243 prime?
False
Is 23190792253 composite?
True
Is 877236743 prime?
True
Is 2097465191 a prime number?
True
Is 3157888049 a composite number?
False
Is 12133850173 a composite number?
False
Is 14975182333 composite?
False
Is 26701146049 a prime number?
False
Is 833694661 prime?
True
Is 1660312751 a prime number?
True
Is 69790271023 prime?
False
Is 1015587357 composite?
True
Is 3734172817 composite?
True
Is 1324332599 a prime number?
True
Is 22895567 composite?
False
Is 2434197271 prime?
False
Is 10040632469 prime?
False
Is 11145932183 composite?
False
Is 3815422363 a composite number?
True
Is 1806284083 a prime number?
False
Is 687814361 prime?
False
Is 2483094373 a prime number?
False
Is 27429905953 a composite number?
True
Is 29724668899 composite?
True
Is 6626203487 composite?
False
Is 1971677933 prime?
False
Is 2592037373 composite?
True
Is 54249710861 composite?
False
Is 597530947 composite?
True
Is 2115422809 a composite number?
True
Is 176068777 a prime number?
True
Is 457955627 a prime number?
True
Is 1684738837 composite?
False
Is 1174446701 prime?
True
Is 5169611 a composite number?
True
Is 2182131761 a composite number?
False
Is 129211759447 composite?
False
Is 6188873609 a prime number?
False
Is 22220267119 a composite number?
True
Is 3914179 a prime number?
True
Is 861569165 prime?
False
Is 158376433 prime?
True
Is 690943397 composite?
False
Is 54988902773 a prime number?
False
Is 1368648445 prime?
False
Is 10326314819 prime?
True
Is 4123032637 a prime number?
False
Is 3585102403 prime?
True
Is 1807404433 prime?
True
Is 1822256321 prime?
True
Is 5464662739 composite?
False
Is 34697032798 a prime number?
False
Is 51681307297 composite?
False
Is 7518268367 composite?
True
Is 14741101589 prime?
True
Is 182992524311 a composite number?
False
Is 73619926102 prime?
False
Is 96267864247 a composite number?
False
Is 2977895777 a composite number?
True
Is 4620795481 a prime number?
True
Is 6091391113 prime?
False
Is 2731437481 a composite number?
True
Is 5576134327 prime?
True
Is 11533584863 a prime number?
True
Is 205614853 prime?
True
Is 9969727151 a prime number?
True
Is 9207945619 a composite number?
True
Is 120091403 a prime number?
False
Is 1315065667 composite?
False
Is 11753316569 composite?
True
Is 2360382503 composite?
True
Is 145449833 composite?
True
Is 8799246941 a composite number?
False
Is 376729103 prime?
True
Is 156088343 prime?
True
Is 43345744397 a prime number?
True
Is 1050876903 a prime number?
False
Is 1519354789 a prime number?
False
Is 10442186959 a prime number?
True
Is 981231791 prime?
False
Is 184676161 a composite number?
True
Is 37447794199 a prime number?
True
Is 88299593911 a composite number?
True
Is 1302182267 composite?
False
Is 275171756111 prime?
False
Is 4694381 prime?
True
Is 55202210381 composite?
False
Is 34261496801 composite?
True
Is 900976823 a composite number?
True
Is 8094972679 prime?
True
Is 520214489 a prime number?
True
Is 2560323827 a composite number?
True
Is 3028628791 composite?
False
Is 530150003377 composite?
False
Is 2848126769 composite?
False
Is 8089639 composite?
False
Is 1229582951 a composite number?
True
Is 464231137 composite?
False
Is 325748251 a prime number?
False
Is 19051238897 a composite number?
False
Is 6051082517 prime?
True
Is 5433074819 composite?
True
Is 1248870503 composite?
True
Is 1788561481 a prime number?
False
Is 55525811189 composite?
True
Is 3772827781 a prime number?
True
Is 6527960227 a prime number?
False
Is 7169786443 prime?
True
Is 154319329195 prime?
False
Is 12119288371 prime?
True
Is 9058161587 a composite number?
False
Is 94621649 a prime number?
True
Is 4455627811 composite?
False
Is 4937043697 a composite number?
True
Is 6634577591 a composite number?
True
Is 7109305187 a composite number?
True
Is 2586893341 prime?
False
Is 33126515833 a prime number?
False
Is 697701089 composite?
False
Is 164297729 composite?
True
Is 604022318259 prime?
False
Is 150992287 prime?
True
Is 47594124463 prime?
True
Is 34576460233 a composite number?
True
Is 22608465589 prime?
True
Is 2827914413 a prime number?
True
Is 7395188039 a prime number?
False
Is 2427608461 a composite number?
False
Is 7860217439 a composite number?
False
Is 2318736089 composite?
False
Is 1503190597 prime?
True
Is 553673095 a prime number?
False
Is 14222932931 prime?
True
Is 1753619333 a composite number?
False
Is 147293359 a composite number?
False
Is 71092442731 prime?
True
Is 531349103 composite?
True
Is 255662282 a prime number?
False
Is 57718363 composite?
True
Is 181929599 prime?
False
Is 168216781 prime?
False
Is 171767441491 a composite number?
False
Is 1616241923 composite?
True
Is 513971047 a prime number?
False
Is 451403107 a prime number?
False
Is 8154298617 a prime number?
False
Is 1801564993 a prime number?
False
Is 100638775243 prime?
True
Is 2890636873 a prime number?
True
Is 86783220113 a composite number?
False
Is 33319237307 composite?
True
Is 591611109 composite?
True
Is 899277359 a composite number?
True
Is 6502798639 prime?
False
Is 7695790699 composite?
False
Is 5140693337 composite?
True
Is 25251084233 a prime number?
True
Is 141175422109 composite?
False
Is 15978357313 a prime number?
False
Is 74280313381 a composite number?
False
Is 48796671751 a composite number?
True
Is 1744805063 a prime number?
True
Is 38623672589 a prime number?
Tr